the prime factors of 763.
7, 109
List the prime factors of 2562.
2, 3, 7, 61
List the prime factors of 1838.
2, 919
What are the prime factors of 43916?
2, 10979
What are the prime factors of 371?
7, 53
List the prime factors of 18656.
2, 11, 53
What are the prime factors of 870?
2, 3, 5, 29
List the prime factors of 33243.
3, 7, 1583
List the prime factors of 68.
2, 17
What are the prime factors of 3295?
5, 659
What are the prime factors of 78780?
2, 3, 5, 13, 101
What are the prime factors of 777?
3, 7, 37
List the prime factors of 959.
7, 137
List the prime factors of 15005.
5, 3001
What are the prime factors of 3224?
2, 13, 31
List the prime factors of 189576.
2, 3, 2633
List the prime factors of 95183.
11, 17, 509
List the prime factors of 1437.
3, 479
What are the prime factors of 8933?
8933
What are the prime factors of 1461?
3, 487
List the prime factors of 1353.
3, 11, 41
List the prime factors of 57192.
2, 3, 2383
What are the prime factors of 4242?
2, 3, 7, 101
List the prime factors of 9073.
43, 211
List the prime factors of 1799.
7, 257
What are the prime factors of 151902?
2, 3, 29, 97
List the prime factors of 15642.
2, 3, 11, 79
What are the prime factors of 15609?
3, 11, 43
List the prime factors of 8981.
7, 1283
List the prime factors of 483.
3, 7, 23
List the prime factors of 544.
2, 17
List the prime factors of 869.
11, 79
What are the prime factors of 6680?
2, 5, 167
What are the prime factors of 54?
2, 3
List the prime factors of 1492.
2, 373
What are the prime factors of 10690?
2, 5, 1069
List the prime factors of 4308.
2, 3, 359
List the prime factors of 41667.
3, 17, 19, 43
List the prime factors of 944.
2, 59
What are the prime factors of 54688?
2, 1709
What are the prime factors of 103980?
2, 3, 5, 1733
What are the prime factors of 3084?
2, 3, 257
List the prime factors of 1086.
2, 3, 181
List the prime factors of 25306.
2, 12653
List the prime factors of 8432.
2, 17, 31
List the prime factors of 137.
137
List the prime factors of 3230.
2, 5, 17, 19
List the prime factors of 41041.
7, 11, 13, 41
List the prime factors of 996.
2, 3, 83
List the prime factors of 3464.
2, 433
What are the prime factors of 77166?
2, 3, 1429
List the prime factors of 2864.
2, 179
What are the prime factors of 2860?
2, 5, 11, 13
What are the prime factors of 5277?
3, 1759
List the prime factors of 30162.
2, 3, 11, 457
What are the prime factors of 1324?
2, 331
List the prime factors of 30711.
3, 29, 353
What are the prime factors of 22911?
3, 7, 1091
List the prime factors of 2505.
3, 5, 167
List the prime factors of 29213.
131, 223
What are the prime factors of 12403?
79, 157
List the prime factors of 34861.
71, 491
List the prime factors of 3461.
3461
What are the prime factors of 82?
2, 41
What are the prime factors of 14958?
2, 3, 277
List the prime factors of 48278.
2, 101, 239
List the prime factors of 8722.
2, 7, 89
What are the prime factors of 11216?
2, 701
What are the prime factors of 7265?
5, 1453
List the prime factors of 423.
3, 47
List the prime factors of 81662.
2, 7, 19, 307
What are the prime factors of 3719?
3719
List the prime factors of 24607.
11, 2237
List the prime factors of 11966.
2, 31, 193
What are the prime factors of 23227?
23227
What are the prime factors of 2451?
3, 19, 43
List the prime factors of 174.
2, 3, 29
List the prime factors of 22206.
2, 3, 3701
What are the prime factors of 125858?
2, 62929
What are the prime factors of 8632?
2, 13, 83
What are the prime factors of 12542?
2, 6271
What are the prime factors of 8675?
5, 347
List the prime factors of 8255.
5, 13, 127
List the prime factors of 15508.
2, 3877
List the prime factors of 1247.
29, 43
List the prime factors of 4303.
13, 331
List the prime factors of 1712.
2, 107
List the prime factors of 1513.
17, 89
List the prime factors of 5753.
11, 523
List the prime factors of 2663.
2663
List the prime factors of 11986.
2, 13, 461
What are the prime factors of 259?
7, 37
List the prime factors of 35371.
7, 31, 163
What are the prime factors of 3373?
3373
List the prime factors of 24408.
2, 3, 113
List the prime factors of 977.
977
What are the prime factors of 54255?
3, 5, 3617
What are the prime factors of 7198?
2, 59, 61
List the prime factors of 4906.
2, 11, 223
What are the prime factors of 3495?
3, 5, 233
List the prime factors of 2559.
3, 853
List the prime factors of 14709.
3, 4903
What are the prime factors of 477?
3, 53
What are the prime factors of 81060?
2, 3, 5, 7, 193
List the prime factors of 1895.
5, 379
What are the prime factors of 1352?
2, 13
List the prime factors of 10214.
2, 5107
What are the prime factors of 1578?
2, 3, 263
What are the prime factors of 37290?
2, 3, 5, 11, 113
What are the prime factors of 32598?
2, 3, 1811
List the prime factors of 5589.
3, 23
List the prime factors of 4657.
4657
List the prime factors of 1719.
3, 191
List the prime factors of 1439.
1439
What are the prime factors of 1403?
23, 61
List the prime factors of 183405.
3, 5, 12227
What are the prime factors of 5717?
5717
What are the prime factors of 1938?
2, 3, 17, 19
List the prime factors of 148.
2, 37
What are the prime factors of 2363?
17, 139
What are the prime factors of 3566?
2, 1783
List the prime factors of 4631.
11, 421
List the prime factors of 4930.
2, 5, 17, 29
What are the prime factors of 2804?
2, 701
List the prime factors of 5802.
2, 3, 967
List the prime factors of 46.
2, 23
List the prime factors of 102209.
179, 571
What are the prime factors of 92003?
92003
List the prime factors of 1818.
2, 3, 101
What are the prime factors of 9032?
2, 1129
List the prime factors of 143960.
2, 5, 59, 61
List the prime factors of 2906.
2, 1453
What are the prime factors of 41144?
2, 37, 139
What are the prime factors of 29216?
2, 11, 83
List the prime factors of 8465.
5, 1693
List the prime factors of 74759.
74759
What are the prime factors of 12168?
2, 3, 13
What are the prime factors of 99105?
3, 5, 6607
List the prime factors of 432.
2, 3
List the prime factors of 49518.
2, 3, 7, 131
List the prime factors of 43061.
17, 149
List the prime factors of 1089.
3, 11
List the prime factors of 6008.
2, 751
What are the prime factors of 1188?
2, 3, 11
List the prime factors of 93355.
5, 18671
What are the prime factors of 1169?
7, 167
What are the prime factors of 44016?
2, 3, 7, 131
List the prime factors of 111058.
2, 55529
List the prime factors of 4162.
2, 2081
What are the prime factors of 11860?
2, 5, 593
List the prime factors of 1419.
3, 11, 43
List the prime factors of 114469.
113, 1013
List the prime factors of 9903.
3, 3301
List the prime factors of 517.
11, 47
List the prime factors of 53574.
2, 3, 8929
List the prime factors of 332.
2, 83
What are the prime factors of 554?
2, 277
List the prime factors of 74.
2, 37
What are the prime factors of 23172?
2, 3, 1931
What are the prime factors of 18293?
11, 1663
What are the prime factors of 39391?
11, 3581
What are the prime factors of 16235?
5, 17, 191
What are the prime factors of 27341?
19, 1439
List the prime factors of 272.
2, 17
List the prime factors of 815.
5, 163
What are the prime factors of 10288?
2, 643
What are the prime factors of 127788?
2, 3, 23, 463
List the prime factors of 4154.
2, 31, 67
List the prime factors of 12361.
47, 263
What are the prime factors of 111?
3, 37
What are the prime factors of 41022?
2, 3, 43, 53
List the prime factors of 148713.
3, 19, 2609
What are the prime factors of 30668?
2, 11, 17, 41
What are the prime factors of 864?
2, 3
List the prime factors of 2544.
2, 3, 53
What are the prime factors of 2110?
2, 5, 211
What are the prime factors of 27808?
2, 11, 79
List the prime factors of 1194.
2, 3, 199
What are the prime factors of 8984?
2, 1123
List the prime factors of 6577.
6577
List the prime factors of 7707.
3, 7, 367
List the prime factors of 74587.
74587
What are the prime factors of 1571?
1571
List the prime factors of 3540.
2, 3, 5, 59
What are the prime factors of 5582?
2, 2791
What are the prime factors of 856?
2, 107
List the prime factors of 17987.
17987
What are the prime factors of 4852?
2, 1213
What are the prime factors of 5516?
2, 7, 197
List the prime factors of 11209.
11, 1019
List the prime factors of 10849.
19, 571
List the p